se
Is 46703 a multiple of 78?
False
Is 6288555 a multiple of 3?
True
Does 32 divide 132288?
True
Does 11 divide 6217?
False
Is 887796 a multiple of 542?
True
Is 23 a factor of 298426?
False
Does 66 divide 2073176?
False
Is 8426728 a multiple of 2410?
False
Is 12 a factor of 256868?
False
Is 1235152 a multiple of 646?
True
Is 407682 a multiple of 261?
True
Does 49 divide 201452?
False
Is 550814 a multiple of 11?
True
Is 151588 a multiple of 76?
False
Does 54 divide 1707418?
False
Is 74 a factor of 549524?
True
Is 2275470 a multiple of 9?
True
Does 46 divide 24638848?
False
Does 116 divide 6491824?
True
Is 1027360 a multiple of 56?
False
Is 1355690 a multiple of 362?
True
Does 566 divide 6014882?
True
Is 223 a factor of 241596?
False
Is 23 a factor of 122935?
True
Is 163 a factor of 3079475?
False
Is 514368 a multiple of 47?
True
Does 5 divide 305292?
False
Is 15 a factor of 3885585?
True
Is 75 a factor of 534225?
True
Is 15 a factor of 579225?
True
Is 2712168 a multiple of 9?
True
Is 324 a factor of 4588953?
False
Is 661 a factor of 9972943?
False
Is 124 a factor of 255851?
False
Does 646 divide 402458?
True
Is 83 a factor of 146827?
True
Does 9 divide 191042?
False
Is 252 a factor of 3547742?
False
Does 11 divide 121528?
True
Does 18 divide 476964?
True
Is 162 a factor of 645176?
False
Is 856456 a multiple of 48?
False
Does 12 divide 55656?
True
Is 5122 a multiple of 13?
True
Does 22 divide 55506?
True
Is 121 a factor of 232630?
False
Is 16612 a multiple of 54?
False
Is 43 a factor of 555517?
True
Is 25 a factor of 1459075?
True
Does 7 divide 508508?
True
Is 1109 a factor of 4331179?
False
Is 933543 a multiple of 711?
True
Is 451245 a multiple of 19?
False
Is 7022538 a multiple of 201?
True
Is 1139 a factor of 8853447?
True
Is 2081872 a multiple of 26?
True
Is 144648 a multiple of 36?
True
Is 16 a factor of 120480?
True
Does 57 divide 210102?
True
Is 6 a factor of 265812?
True
Is 33 a factor of 544632?
True
Is 3 a factor of 205662?
True
Is 961696 a multiple of 170?
False
Is 113422 a multiple of 8?
False
Does 97 divide 841826?
False
Does 6 divide 1861062?
True
Is 533 a factor of 20444?
False
Is 233 a factor of 101439?
False
Is 62559 a multiple of 22?
False
Is 149 a factor of 451768?
True
Does 96 divide 1278048?
True
Does 8 divide 611345?
False
Is 6820 a multiple of 3?
False
Is 601016 a multiple of 13?
True
Is 8 a factor of 1239144?
True
Is 60820 a multiple of 2?
True
Is 221 a factor of 291588?
False
Is 36578 a multiple of 6?
False
Does 85 divide 13005?
True
Is 61358 even?
True
Does 1179 divide 7131130?
False
Is 1700549 a multiple of 13?
False
Is 8508971 a multiple of 102?
False
Is 207105 a multiple of 8?
False
Is 83076 a multiple of 258?
True
Is 69 a factor of 202899?
False
Is 201 a factor of 106275?
False
Is 690620 a multiple of 10?
True
Does 12 divide 1981253?
False
Is 43 a factor of 176687?
True
Is 6 a factor of 157200?
True
Does 370 divide 1249860?
True
Is 106183 a multiple of 77?
True
Is 118 a factor of 2795538?
True
Is 8 a factor of 9936?
True
Is 56 a factor of 124600?
True
Is 53766 a multiple of 103?
True
Does 173 divide 666742?
True
Is 54 a factor of 287711?
False
Is 17 a factor of 84043?
False
Does 6 divide 270348?
True
Is 32 a factor of 2516544?
True
Does 7 divide 12956?
False
Is 6 a factor of 5220?
True
Does 46 divide 21792638?
True
Is 16 a factor of 11120?
True
Is 17463978 a multiple of 21?
True
Does 23 divide 498113?
False
Is 817425 a multiple of 25?
True
Is 257 a factor of 659719?
True
Does 31 divide 9202334?
False
Does 23 divide 23176?
False
Does 26 divide 990540?
False
Does 62 divide 37562?
False
Is 23 a factor of 618999?
True
Does 44 divide 4176788?
True
Is 11349149 a multiple of 17?
True
Is 10626 a multiple of 11?
True
Is 287 a factor of 1006582?
False
Does 46 divide 82294?
True
Is 1902482 a multiple of 57?
False
Is 1779000 a multiple of 15?
True
Does 78 divide 1240403?
False
Does 30 divide 254190?
True
Is 226 a factor of 46330?
True
Is 27 a factor of 20765?
False
Is 51 a factor of 34078?
False
Is 18784 a multiple of 77?
False
Is 9 a factor of 1767467?
False
Is 25182389 a multiple of 405?
False
Is 7288 a multiple of 29?
False
Is 260776 a multiple of 296?
True
Is 2655 a factor of 23508410?
False
Is 13188 a multiple of 42?
True
Is 35 a factor of 356638?
False
Does 22 divide 13674?
False
Does 225 divide 121483?
False
Does 71 divide 102027?
True
Is 2206795 a multiple of 32?
False
Is 14569 a multiple of 69?
False
Is 3748507 a multiple of 287?
True
Is 93996 a multiple of 63?
True
Is 58 a factor of 830038?
True
Is 1809875 a multiple of 41?
False
Is 91 a factor of 246246?
True
Does 577 divide 192141?
True
Is 140976 a multiple of 178?
True
Does 50 divide 246278?
False
Is 16 a factor of 24128?
True
Is 8 a factor of 45587?
False
Is 266 a factor of 4873918?
True
Is 4713422 a multiple of 2?
True
Is 1902671 a multiple of 388?
False
Is 2 a factor of 3114?
True
Is 304144 a multiple of 2?
True
Is 382915 a multiple of 45?
False
Is 118 a factor of 229206?
False
Does 304 divide 7289352?
False
Is 80 a factor of 130356?
False
Is 2229 a factor of 2003965?
False
Is 2448674 a multiple of 452?
False
Is 465 a factor of 5496851?
False
Is 47 a factor of 490774?
True
Does 87 divide 2940630?
False
Does 15 divide 95040?
True
Is 20 a factor of 810780?
True
Is 58 a factor of 22804?
False
Does 50 divide 5343700?
True
Is 1894600 a multiple of 102?
False
Is 58 a factor of 689910?
True
Is 13 a factor of 2202057?
True
Is 16555371 a multiple of 21?
True
Is 337552 a multiple of 16?
True
Does 345 divide 2097255?
True
Does 31 divide 65584?
False
Is 9 a factor of 3415797?
True
Is 15 a factor of 36690?
True
Is 7 a factor of 47467?
True
Does 50 divide 27927600?
True
Does 175 divide 4889851?
False
Is 483 a factor of 7235340?
True
Is 491674 a multiple of 266?
False
Is 28 a factor of 3538928?
False
Does 36 divide 851708?
False
Does 13 divide 134049?
False
Is 12 a factor of 12296236?
False
Is 96610 a multiple of 2?
True
Is 65 a factor of 1092299?
False
Is 118 a factor of 358700?
False
Does 175 divide 30275?
True
Does 10 divide 83360?
True
Does 16 divide 79909?
False
Is 162 a factor of 8297534?
False
Is 2168 a multiple of 71?
False
Is 24 a factor of 815832?
True
Is 31 a factor of 53266?
False
Does 273 divide 958348?
False
Is 1279852 a multiple of 340?
False
Is 14587860 a multiple of 70?
True
Is 278 a factor of 1002746?
True
Is 782822 a multiple of 13?
False
Is 45 a factor of 419486?
False
Is 301 a factor of 544509?
True
Is 90 a factor of 30960?
True
Does 151 divide 778858?
True
Is 6 a factor of 20995?
False
Is 7220992 a multiple of 128?
True
Is 226862 a multiple of 67?
True
Is 189 a factor of 1181061?
True
Is 10859114 a multiple of 1834?
True
Does 14 divide 432950?
True
Is 2013787 a multiple of 588?
False
Does 4 divide 676365?
False
Does 40 divide 10782880?
True
Is 572273 a multiple of 253?
False
Is 188741 a multiple of 56?
False
Does 16 divide 559312?
True
Does 116 divide 1954884?
False
Is 26 a factor of 3090308?
True
Does 56 divide 12112249?
False
Is 1765985 a multiple of 52?
False
Is 193 a factor of 442742?
True
Does 4 divide 64547?
False
Is 15 a factor of 1754460?
True
Does 15 divide 1892783?
False
Is 91980 a multiple of 365?
True
Does 14 divide 525532?
True
Is 93 a factor of 155005?
False
Is 48 a factor of 1064695?
False
Does 330 divide 6494669?
False
Is 872298 a multiple of 15?
False
Does 153 divide 8415?
True
Is 39602 a multiple of 25?
False
Is 318491 a multiple of 4?
False
Does 5 divide 52715?
True
Is 1181952 a multiple of 76?
True
Does 327 divide 63111?
True
Is 935288 a multiple of 302?
False
Does 694 divide 237348?
True
Does 19 divide 126521?
True
Is 76 a factor of 193084?
False
Is 82237 a multiple of 134?
False
Is 1643904 a multiple of 64?
True
Is 1209201 a multiple of 21?
True
Does 86 divide 422082?
False
Does 789 divide 5738397?
True
Is 162868 a multiple of 19?
True
Does 12 divide 1051155?
False
Is 27 a factor of 9392517?
True
Is 237981 a multiple of 23?
True
Is 302680 even?
True
Is 42 a factor of 1288758?
False
Is 2270912 a multiple of 17?
False
Is 10 a factor of 621424?
False
Does 273 divide 197652?
True
Is 281144 a multiple of 70?
False
Is 215 a factor of 112015?
True
Does 2 divide 508798?
True
Is 7 a factor of 35063?
True
Is 15 a factor of 2129401?
False
